- 115 = f. Calculate the remainder when a is divided by 13.
10
Let i = -86 - -178. Suppose b + i = 5*b. What is the remainder when b is divided by 8?
7
Let w(j) = -6 + 10*j - 6 - 3*j**3 - j**3 + 3*j**3 + 7*j**2. What is the remainder when 6 is divided by w(8)?
2
Let u(x) be the third derivative of -x**6/120 + x**5/20 + 5*x**4/24 - x**3/3 + 2*x**2. What is the remainder when u(4) is divided by 2?
0
What is the remainder when 44 is divided by (-1)/(-5) + (-1 - 474/(-30))?
14
Suppose 129 = -5*a - 16. Let b = -18 - a. What is the remainder when 30 is divided by b?
8
Let y = 51 + -32. Calculate the remainder when 36 is divided by y.
17
Calculate the remainder when -3*4/6*-4 is divided by 4.
0
Let k(i) = i**3 + 9*i**2 + 8*i + 3. Let h(m) = -m**2 + 1. Let z = 1 + -4. Let x be h(z). Calculate the remainder when 8 is divided by k(x).
2
Let m(j) = -2*j**3 - 5*j**2 - 2*j + 2. Let z be m(-5). Suppose -2*s + z = 51. What is the remainder when s is divided by 9?
7
Suppose 5*y - 2*c - 215 = 0, 5*y - 185 = -0*c - 4*c. What is the remainder when 203 is divided by y?
39
Let i(q) = -q**2 + 2*q + 7. Let g be i(5). Let u = g - -27. Calculate the remainder when u is divided by 5.
4
Let w = -7 + 11. Let i(k) = -k**2 + 3*k + 2. Calculate the remainder when w is divided by i(3).
0
Suppose -88 = -3*i - f, -4*f - 3 = -3*i + 65. Let h = i + -18. Calculate the remainder when 18 is divided by h.
8
Let n(s) = s + 2. Let a be n(6). Let y = -5 + a. Suppose -2*d + 7*d - 12 = -4*w, 12 = 3*w + 3*d. What is the remainder when w is divided by y?
2
Let x = -11 - -7. Let l = x - -29. Suppose -72 = -5*o - 27. Calculate the remainder when l is divided by o.
7
Let f(m) = m**2 + 5*m + 7. What is the remainder when 13 is divided by f(-4)?
1
Let x = -35 + 23. Calculate the remainder when (-84)/(-9) + (-8)/x is divided by 3.
1
Let t(r) = -4*r + 7. Let x be (-10 - 0)*5/10. Calculate the remainder when 53 is divided by t(x).
26
Let m = 362 - 189. Suppose -2*b - z + 95 - 4 = 0, 0 = 4*b - z - m. Calculate the remainder when b is divided by 23.
21
Let n = -68 + 95. What is the remainder when n is divided by 7?
6
Calculate the remainder when 11 is divided by 0 + (5 + -2 - 0).
2
Let a(s) = -s**3 - 8*s**2 - 9*s - 2. Let j be ((-21)/6)/((-1)/(-2)). What is the remainder when -2 + (-4 - 19)*-1 is divided by a(j)?
9
Suppose -12*w + 8*w = -124. Let t = 4 + 14. Calculate the remainder when w is divided by t.
13
Let j(p) = p. Let k(h) = h**2 + 15*h + 6. Let u(b) = 6*j(b) - k(b). Calculate the remainder when 30 is divided by u(-7).
6
Suppose -39 = -5*i + 8*i. Let t = i + 54. What is the remainder when t is divided by 11?
8
Let j(o) = 3*o + 17. Calculate the remainder when 84 is divided by j(0).
16
Let l be (-1)/3*-3 + 0. Suppose 0 = 4*v - 2*n, -l + 0 = -5*v + 2*n. Let k = 7 - v. Calculate the remainder when 10 is divided by k.
4
Let k be ((-48)/4)/(-4) + 2. Suppose n = k*n - 108. Calculate the remainder when n is divided by 7.
6
Let u = -7 + 2. Let d(h) = -8*h + 7. Suppose 3*n = -a + 31, a - 3*a + 4*n + 12 = 0. What is the remainder when d(u) is divided by a?
15
Let w be 2*((-3)/2 + 3). Suppose 16 = -w*a + 5*a. Calculate the remainder when 18/a - 3/(-4) is divided by 3.
0
Let f = -138 - -151. What is the remainder when 155 is divided by f?
12
Let c(p) = p**2 - 4*p + 22. Calculate the remainder when c(13) is divided by 28.
27
Let o(z) = z**2 + 7. Let u(g) = g**2 + 8*g + 5. Let v be u(-8). Calculate the remainder when o(v) is divided by 17.
15
Let t = 12 + -5. What is the remainder when 27 is divided by t?
6
Suppose 12 = -2*k - 4*x, -5*k - 5 = 5*x - 0. Suppose 15*r - 6*r - 63 = 0. What is the remainder when r is divided by k?
3
Let p be 2/3 - (-48)/(-18). Let h(w) = -4*w - 1. What is the remainder when 10 is divided by h(p)?
3
Suppose -k + n + 24 = 4*k, -3*n - 12 = -3*k. Suppose -k*d = -d - 40. Let q = 33 - 27. What is the remainder when d is divided by q?
4
Calculate the remainder when (372/18)/(4/6) is divided by 8.
7
Let o(a) = -7*a + 82. What is the remainder when o(7) is divided by (-16)/10*15/(-2)?
9
Suppose 2*k + 28 = 4*g - 2*k, 5*g - 4*k = 34. Let s be -1 + 1 - (2 - 1). Let r(f) = 16*f**2 - 2*f - 1. What is the remainder when r(s) is divided by g?
5
Let d be 3*((-79)/(-3) + -1). Suppose 0*g - d = -4*g. Calculate the remainder when g is divided by 7.
5
Let c(q) = q**2 - 1. Let i be (66/55)/(3/(-10)). What is the remainder when 28 is divided by c(i)?
13
Suppose 0*t + 4*t - 64 = 0. Calculate the remainder when 50 is divided by 2 + -5 - (0 - t).
11
Let m = 95 + -5. Suppose -230 = 13*p - 23*p. What is the remainder when m is divided by p?
21
Let h(c) = c - 5. Let w be h(5). Let b be -3 + 1 + 2 + w. Suppose b*v - 24 = -2*v. Calculate the remainder when 22 is divided by v.
10
Let p = -14 - -23. Suppose 51 = 29*a - 26*a. Calculate the remainder when a is divided by p.
8
Let x be 53*(3 - (2 - 1)). Suppose -x = -3*a - 28. What is the remainder when a is divided by 14?
12
Suppose 228 = l + 2*l. Suppose 3*t + 48 = 3*o, -o - t - l = -6*o. Let p(n) = n**2 - 6*n + 1. Calculate the remainder when o is divided by p(7).
7
Let q = 25 + -6. What is the remainder when 74 is divided by q?
17
Let b(z) = -3*z + 9. Let i(n) = 4*n - 10. Let k(j) = 5*b(j) + 4*i(j). Let m be k(-5). What is the remainder when ((-20)/3 - m)*-3 is divided by 7?
6
Let l = 7 - -2. What is the remainder when 26 is divided by l?
8
Let m be 20/8*(-6)/5. What is the remainder when -18*(-1 - m/(-2)) is divided by 12?
9
Suppose -a + 5*a - 32 = 0. What is the remainder when ((-1)/1)/(10/(-150)) is divided by a?
7
Suppose 0 = 3*q - m - 9, -q - 15 = -4*q - m. Suppose 3*b - 104 = -q*u + 3*u, -101 = -3*b - 4*u. What is the remainder when b is divided by 12?
11
Let q(a) = a**2 - 4*a - 14. What is the remainder when 30 is divided by q(8)?
12
Let p = 2 - -13. Suppose 0 = -t - 2*f + 38, -97 = -4*t - 0*t + 3*f. Calculate the remainder when t is divided by p.
13
Suppose -2*q + 8 = -6. Let z(n) = 3*n - 1. Calculate the remainder when z(q) is divided by 12.
8
Calculate the remainder when 40/3*(-210)/(-40) is divided by 18.
16
Let n = -21 + 40. Let s = 23 + -12. What is the remainder when n is divided by s?
8
Suppose 39 = t + 17. Calculate the remainder when 107 is divided by t.
19
What is the remainder when ((-54)/15)/(1/(-15)) is divided by 19?
16
Let d(p) = -p**2 - 6*p + 5. Let l be d(-6). Suppose l*g - 60 = -0*g. What is the remainder when 22 is divided by g?
10
Let o(k) = -k**3 - 20*k**2 - k - 6. What is the remainder when 39 is divided by o(-20)?
11
Suppose -3*p + 216 = 5*v - 17, -5*v = -4*p + 264. Calculate the remainder when p is divided by 15.
11
Calculate the remainder when 19 is divided by 3*5*5/15.
4
Let k(s) = -s**2 + 7*s - 2. Let p be 3/4 + 34/8. What is the remainder when 22 is divided by k(p)?
6
Let o(b) = b**2 + b - 66. Let m be o(0). What is the remainder when (m/(-4))/(3/6) is divided by (2 + 6/(-4))*34?
16
Suppose m - 3*m + 294 = 0. Suppose l - m + 0 = -5*g, -g = -2*l - 25. Let q = g - 13. Calculate the remainder when q is divided by 6.
4
Let o be 3/((-6)/10)*2. Calculate the remainder when (-2)/o + 1914/55 is divided by 12.
11
Let g = 21 - 13. Let a = 16 - g. What is the remainder when 23 is divided by a?
7
Suppose 2*r + 16 - 54 = 0. Calculate the remainder when 35 is divided by r.
16
Let j be (0 - -60)*(-52)/(-10). Let t(g) = g**3 + g**2 - g + 1. Let w be t(4). Suppose -5*m - w = -j. What is the remainder when m is divided by 24?
23
Suppose -2*q - 2 - 35 = -b, 4*b = -q - 32. Let k = 12 + q. Let v = k + 23. What is the remainder when v is divided by 6?
3
Let n = 63 + 14. Calculate the remainder when n is divided by 20.
17
Suppose 6*j - 140 - 190 = 0. Calculate the remainder when j is divided by 14.
13
Suppose 30 = 4*m + 2*l, -2*m = -m + 2*l - 6. Let i(x) = x**2 - x - 5. Let o(y) = y + 9. Let c be o(-4). What is the remainder when i(c) is divided by m?
7
Let q(t) = 3 + 0*t + 1 + 1 - 4*t. Calculate the remainder when q(-5) is divided by 86/10 + (-6)/(-15).
7
Suppose -2*l - 17 = 15. Let p be 1 - 2 - l*1. Suppose -13 = -f + 5*w, f + 3*w - 7*w = p. What is the remainder when f is divided by 6?
5
Let u(d) = d**3 - 3*d**2 + 5*d + 1. Let p be u(4). Let a be 0/(-2 - -5) - -26. Let t = p - a. Calculate the remainder when t is divided by 4.
3
Let w(x) 